is i(m)?
4
Let d(h) = 2*h + 16. Let i(l) = l + 8. Let c(x) = 2*d(x) - 5*i(x). Calculate c(-4).
-4
Let q(f) = -f**3 + 5*f**2 - 4*f - 1. Suppose -7*t + 2*t + 20 = 0. Suppose -l - 2*o - t = 0, -5*o = 3*l - 5*l + 28. Determine q(l).
-1
Let r be (0 - -1) + (-4)/(-2). Let g(w) = 3*w + 1. Determine g(r).
10
Let q(j) = j - 2. Let l be q(4). Let d(p) = p - p - 2*p**l + 1 - 2*p**3. Let i be (-14)/63 - (-14)/(-18). Calculate d(i).
1
Suppose 0 = -5*b - 5*x + 30, -5*b + 3*x = 2*x - 30. Let j(t) be the first derivative of t**4/4 - 7*t**3/3 + 3*t**2 + 3*t - 1. What is j(b)?
3
Let k(w) = 2*w**3 + 11*w**2 + 6*w + 2. Let t be k(-5). Let c(v) = -4*v - 3. Give c(t).
9
Suppose c - 12 = -3*c. Suppose -t = c*t. Let o(j) = j**2 - j + 13. Let d(b) = -1. Let w(r) = -4*d(r) - o(r). Give w(t).
-9
Let z(c) = -c**2 + 2*c. Let k be z(1). Let l = k - -1. Suppose -2*d - v - 7 = 4*v, l*d - 3 = 5*v. Let a(h) = 6*h**3 + 2*h**2 + 2*h + 1. What is a(d)?
-5
Let k(p) = p**2 - p + 11. Let u(n) = n**2 + 4*n - 5. Let v be u(-4). Let b = v + 5. Give k(b).
11
Suppose u + 4*u = -3*j + 40, 0 = u - j - 8. Let k = 7 + -3. Let r(i) = -u - 7*i**2 + i + k*i + i + i**3. What is r(6)?
-8
Let d(k) = k**3 - 6*k**2 + 4*k + 2. Suppose -3 = -4*n + 17. Give d(n).
-3
Suppose k + 4*z = -3*k + 12, 2*k - 12 = 4*z. Let u(y) be the second derivative of 1/4*y**k + 3*y + 1/2*y**2 - 1/2*y**3 + 0. Calculate u(2).
7
Let u be (0 - -2)*(-15)/(-6). Let t(s) = -5*s - s**3 + u + s**2 + 3*s**2 + s**2. Let j(b) = b**2 - 3*b - 6. Let a be j(5). Give t(a).
1
Let p(z) be the first derivative of -z**4/4 - z**3/3 - z**2/2 + 6*z - 3. Determine p(0).
6
Let j = -3 + 3. Suppose -10 = -j*w - 5*w. Suppose 0 = -7*g + w*g - l + 2, 3*l + 8 = -g. Let c(p) = -6*p**2 - p. Give c(g).
-7
Let u(a) be the second derivative of -a**5/4 - a**4/12 + a**2/2 + a. Let g be ((-2)/(-4))/((-1)/2). Calculate u(g).
5
Let v(u) be the first derivative of u**2/2 - 2*u + 3. What is v(-5)?
-7
Let g(h) = 2*h**2 + 8*h. Let l(u) = -u**2 - 4*u. Let x(i) = 2*g(i) + 5*l(i). Calculate x(-4).
0
Suppose -b = 2*b - 24. Let h(c) = -3*c**3 + 4*c**3 + 3*c**2 - 5 - c - 2*c**3 + b*c. What is h(4)?
7
Suppose 4*i - 28 - 12 = 4*v, 0 = i + 5*v + 20. Let p(t) = -t**2 + i - 6 + 2 - 2*t. Determine p(-3).
-2
Let o(q) = q**2 + q + 5. Let r(l) = l + 1. Suppose 4 - 1 = z. Let c be r(z). Suppose 0 = -2*p - 4*n + 16, -3*n = -c*p - 12. Calculate o(p).
5
Let y(c) = c**3 + c + 1. Let q = -2 - -3. Let o(p) = 4*p**3 + 4*p**2 + 4*p. Let a(g) = q*o(g) - 3*y(g). Give a(-4).
-7
Let w(y) = -2*y - 6. Let t be w(-4). Let q = -6 + 8. Let f(z) = -3*z. Let r(j) = 3*j - 1. Let p(u) = q*f(u) + 3*r(u). What is p(t)?
3
Let o(g) = -g + 10. Suppose 2*w - 4 = -2*f, 4*f + 27 = -3*w + 4*w. Give o(w).
3
Let d(m) = 4*m + 1. Let k(f) = -17*f - 4. Let q(l) = 9*d(l) + 2*k(l). Let v be 2*6 + 2 - 3. Suppose -2*g - 4 = -b - v, -3*b = -2*g + 17. Give q(g).
3
Let v(u) be the third derivative of -u**6/120 + u**5/20 + u**4/3 - u**3/2 + 3*u**2. What is v(5)?
-13
Let m(o) = o**3 - 1. Let r = -7 + 19. Suppose 4*d = s + 14, 0 = s + 4*d - r - 6. What is m(s)?
7
Let q(f) be the first derivative of -f**3/3 + f**2/2 - 2*f - 1. Let n = 5 - 5. What is q(n)?
-2
Let p(m) = -188 + 188 + 2*m**2 - 3*m**2 + 5*m. Calculate p(6).
-6
Let n(q) = -3*q - 1. Let g be 470/90 + (-4)/18. Suppose -4*h + 4 = 2*t, -g*t + 2*h - 16 + 2 = 0. Determine n(t).
5
Let s(v) = -9*v - 20. Let l(z) = -4*z - 9. Let u(o) = -5*l(o) + 2*s(o). Calculate u(-4).
-3
Let t = 4 - 5. Let m = t - -2. Let i(f) be the first derivative of 3*f**4/4 - f**3/3 + f - 4. Give i(m).
3
Let y = -20 - -17. Let g(a) = -2*a - 4. Calculate g(y).
2
Suppose 0 = -4*c + 3*c + 2. Let k(z) = 773*z - z**3 + z**2 + 1 + 0 - 772*z. Calculate k(c).
-1
Let c(j) = -15 - j**2 - 2*j - 9 + 16 - 6*j. Give c(-7).
-1
Let q(x) be the first derivative of 2*x**2 - 7. Let b be (-2)/6 - 7/(-3). Give q(b).
8
Let h(m) be the first derivative of -2*m**3/3 + 3*m**2/2 - m + 2. Let c(d) be the first derivative of h(d). Let l be 14/8 - (-4)/16. Give c(l).
-5
Let v(g) = g**3 + g + 2*g - 2*g**3 + 2. Suppose -19 = 4*s - 11. Determine v(s).
4
Let i(w) = -w**3 - 3*w**2 + 4*w. Let d(n) = 2*n**3 + 6*n**2 - 7*n + 1. Let t(a) = 2*d(a) + 5*i(a). Suppose 3*p + 10 = -2. Calculate t(p).
-6
Let c = 444 - 442. Let u(h) = -h**2 + 6*h - 2. Let z = -3 + 4. Let p(i) = -i. Let d(n) = z*u(n) + 3*p(n). Calculate d(c).
0
Let d(q) = -q + 9. Suppose -18 = -6*g + 3*g. Suppose 0*n - 3*n + g = 0. Let f = n + 3. Determine d(f).
4
Let d(t) = 5*t - 2. Suppose 37*a + 12 = 41*a. Determine d(a).
13
Let l(g) = 2*g**2 - 6*g + 7. Let s be l(3). Let q(c) = 2*c - 6. Calculate q(s).
8
Let g(c) be the third derivative of c**4/24 + 7*c**3/6 + c**2. Calculate g(-4).
3
Let o = -4 + 29. Suppose -2*v = 5*t - o, 0*t = -4*t - 2*v + 20. Let c(u) = 3*u + u**2 + 0 + 6 - t. What is c(-2)?
-1
Let n = -5 - -5. Suppose -5*p = -n*p - 20. Let k(l) be the second derivative of -l**3/6 + l**2/2 - l. Give k(p).
-3
Let i(y) = -5*y**2 - 2*y + 4 - y**3 - 2*y**3 + 4*y**3 - 4*y. Let d be 4/8 + 33/6. Determine i(d).
4
Let j(s) = 4*s + 7. Let d(u) be the third derivative of -u**4/8 - u**3 - 2*u**2. Let w(b) = 6*d(b) + 5*j(b). What is w(4)?
7
Let b = 1 + 1. Let l(o) = -b + o + 7*o - 4*o - 1. Give l(2).
5
Let h(m) = m**2 - 6*m + 3. Let t be h(6). Let y(r) = r**3 - 2*r**2 + 2. Let q be y(2). Let s(c) = -3 + 2*c**q - 7 + 9 - 4*c. Give s(t).
5
Suppose 33 = 4*i - 3*q, -5*i + 3*q = -3*i - 9. Suppose -4*x = i - 0. Let m(o) be the first derivative of o**2 + 4*o + 19. Give m(x).
-2
Let x(o) = -o**3 - 1 - 9*o + 3*o + 4*o - 5*o**2 + 3*o**2. What is x(-2)?
3
Let y(a) = a**3 - 6*a**2 - 5*a - 3. Let u(q) = -2*q**3 + 6*q**2 + 6*q + 4. Let d(k) = 2*u(k) + 3*y(k). What is d(-6)?
17
Let v(k) = -4*k**3 - 3*k**2 - 4*k - 3. Let t be v(-2). Suppose -5*m = -0*m - t. Let h(a) = a**2 + 1 - a + 0 - 10*a**3 + m*a**3. Calculate h(1).
-4
Suppose 3*k = -7*k + 6*k. Let n(s) = 1 - 2 + s + 0. Calculate n(k).
-1
Let v be -1*(-1 - 2) - (-890)/(-300). Let t(w) be the third derivative of 1/6*w**3 - 1/12*w**4 + 3*w**2 - v*w**5 + 0*w + 0. Calculate t(-2).
-3
Let w(i) be the second derivative of -i**5/120 - 7*i**4/24 - i**3/2 + 3*i. Let k(z) be the second derivative of w(z). Calculate k(0).
-7
Let z(y) = -2*y + 28*y - 11*y - 11*y. Give z(-1).
-4
Let a(n) = -n**3 + 5*n**2 - 4*n. Let m be (-3 - (-68)/20)*10. Determine a(m).
0
Suppose -4*n - 45 = -5*x, -5*x - 3*n - 1 + 46 = 0. Let g(j) = 2*j - 14. Calculate g(x).
4
Let z(a) = a**2 + a - 8. Let j be z(0). Let x = j + 11. Let n(s) = -4 + 2*s**3 - 3*s**3 + 2*s**2 + x*s**2 - s. What is n(4)?
8
Let y(t) be the third derivative of t**5/15 + t**4/24 - 3*t**3/2 + 6*t**2. Let b(i) be the first derivative of y(i). Give b(2).
17
Let r = 12 - 7. Suppose 4*n + 0*n - 43 = -a, 25 = -r*a. Let t(o) = n*o + 4*o**2 - 5*o**2 + 0 + 5 - 6*o. Determine t(6).
5
Suppose 2*a + 24 = -2*a. Let l(n) = -n**3 - 5*n**2 + 7*n + 5. What is l(a)?
-1
Let h(b) = 7*b + 5. Let v(a) be the first derivative of -a**2/2 - a - 2. Suppose -d + 2 = -3*d. Let j(q) = d*h(q) - 6*v(q). What is j(0)?
1
Let v(y) be the first derivative of 10*y**3/3 - 18. Let j = 3 - 2. Calculate v(j).
10
Let g(b) = b**3 - 2*b**2 - 3*b + 3. Let q be ((-4)/6)/(4/(-6)). Let p be (2 - q)*2 + 0. Calculate g(p).
-3
Let z(s) = s**2 - 7*s - 5. Let a(t) = -5*t**2 + 28*t + 19. Let b(c) = -2*a(c) - 9*z(c). Let w be b(-6). Let l(x) = x**2 - 2*x + 1. Give l(w).
0
Let u(l) = l - 1. Let y(f) = -5 + 3 + 0*f + f. Let c be y(3). Give u(c).
0
Let u(f) = 5*f - 1. Let j be u(1). Let z(q) = 4*q - 4*q - 3*q + 4*q. Let o(s) = 5*s - 2. Let l(v) = j*z(v) - o(v). Calculate l(4).
-2
Let f(d) = d**3 + 0*d**2 + 4*d**2 + 1 - 6*d**2. Let r = -8 - -9. Determine f(r).
0
Let b(w) be the second derivative of -w**4/12 + w**3/2 - w**2/2 - w. Let m = 2 + -1. Let n be m/(((-4)/(-6))/2). Determine b(n).
-1
Let u(y) = -6*y - 4. Let a(w) = 3*w + 2. Let l(h) = -13*a(h) - 6*u(h). Determine l(-2).
4
Let a = 10 - 4. Let g(p) = 4*p + 5*p**2 + 6*p - 7*p - p**3 - 5 + 4*p. Calculate g(a).
1
Let h(o) = o**3 + 4*o**2 + 3*o + 6. Suppose 2*r + 3*q = -9, -6 = -5*r + 3*q + 24. Let p be (-66)/16 - r/(-24). What is h(p)?
-6
Let r(z) be the third derivative of 0*z - 5/24*z**4 - 3*z**2 + 2/3*z**3 + 1/60*z**5 + 0. Determine r(5).
4
Let q(r) be the third derivative of r**5/60 + r**4/24 - r**2. Let y = 